{"id":277,"date":"2023-06-11T19:13:05","date_gmt":"2023-06-11T17:13:05","guid":{"rendered":"https:\/\/mariehebbelynck.com\/?page_id=277"},"modified":"2025-04-10T18:46:33","modified_gmt":"2025-04-10T16:46:33","slug":"miam-miam-glou-glou","status":"publish","type":"page","link":"https:\/\/mariehebbelynck.com\/?page_id=277","title":{"rendered":"J\u2019ai faim !"},"content":{"rendered":"\n<figure class=\"wp-block-embed is-type-video is-provider-youtube wp-block-embed-youtube wp-embed-aspect-16-9 wp-has-aspect-ratio\"><div class=\"wp-block-embed__wrapper\">\n<iframe loading=\"lazy\" title=\"J\u2019ai faim !\" width=\"640\" height=\"360\" src=\"https:\/\/www.youtube.com\/embed\/Yy5Keq2sOf0?feature=oembed\" frameborder=\"0\" allow=\"accelerometer; autoplay; clipboard-write; encrypted-media; gyroscope; picture-in-picture; web-share\" referrerpolicy=\"strict-origin-when-cross-origin\" allowfullscreen><\/iframe>\n<\/div><\/figure>\n\n\n<div class=\"wp-block-image\">\n<figure class=\"aligncenter size-large\"><img decoding=\"async\" loading=\"lazy\" width=\"768\" height=\"1024\" src=\"https:\/\/mariehebbelynck.com\/wp-content\/uploads\/2025\/01\/IMG_3962-768x1024.jpeg\" alt=\"\" class=\"wp-image-1025\" srcset=\"https:\/\/mariehebbelynck.com\/wp-content\/uploads\/2025\/01\/IMG_3962-768x1024.jpeg 768w, https:\/\/mariehebbelynck.com\/wp-content\/uploads\/2025\/01\/IMG_3962-225x300.jpeg 225w, https:\/\/mariehebbelynck.com\/wp-content\/uploads\/2025\/01\/IMG_3962-1152x1536.jpeg 1152w, https:\/\/mariehebbelynck.com\/wp-content\/uploads\/2025\/01\/IMG_3962-1536x2048.jpeg 1536w, https:\/\/mariehebbelynck.com\/wp-content\/uploads\/2025\/01\/IMG_3962-scaled.jpeg 1920w\" sizes=\"(max-width: 768px) 100vw, 768px\" \/><\/figure><\/div>\n\n\n<div style=\"height:100px\" aria-hidden=\"true\" class=\"wp-block-spacer\"><\/div>\n\n\n\n<div class=\"wp-block-columns alignwide is-layout-flex wp-container-7\" style=\"margin-bottom:0\">\n<div class=\"wp-block-column has-white-color has-vivid-red-background-color has-text-color has-background has-link-color wp-elements-9514b7578ef3912d0cb54209df635109 is-layout-flow\" style=\"padding-top:2em;padding-right:2em;padding-bottom:2em;padding-left:2em\">\n<h2 class=\"wp-block-heading has-text-align-center\" id=\"single\" style=\"font-size:40px\">A table !<\/h2>\n\n\n\n<hr class=\"wp-block-separator has-text-color has-css-opacity has-background is-style-wide\" style=\"background-color:#000000;color:#000000\"\/>\n\n\n\n<div class=\"wp-block-buttons alignfull is-horizontal is-content-justification-center is-layout-flex wp-container-1\"><\/div>\n\n\n\n<figure class=\"wp-block-image size-full\"><img decoding=\"async\" loading=\"lazy\" width=\"800\" height=\"800\" src=\"http:\/\/mariehebbelynck.com\/wp-content\/uploads\/2023\/07\/D71452DC-15A1-4D72-BFEF-A52B7AC53323.jpeg\" alt=\"\" class=\"wp-image-341\" srcset=\"https:\/\/mariehebbelynck.com\/wp-content\/uploads\/2023\/07\/D71452DC-15A1-4D72-BFEF-A52B7AC53323.jpeg 800w, https:\/\/mariehebbelynck.com\/wp-content\/uploads\/2023\/07\/D71452DC-15A1-4D72-BFEF-A52B7AC53323-300x300.jpeg 300w, https:\/\/mariehebbelynck.com\/wp-content\/uploads\/2023\/07\/D71452DC-15A1-4D72-BFEF-A52B7AC53323-150x150.jpeg 150w, https:\/\/mariehebbelynck.com\/wp-content\/uploads\/2023\/07\/D71452DC-15A1-4D72-BFEF-A52B7AC53323-768x768.jpeg 768w\" sizes=\"(max-width: 800px) 100vw, 800px\" \/><\/figure>\n\n\n\n<p>Lulu ventru est un v\u00e9ritable goulu! Quand il a faim, il lui faut manger tout de suite, et en quantit\u00e9 ! Mais voil\u00e0\u2026 il ne sait pas cuisiner\u2026<br>\u00ab Je mangerai bien un tas de crottin, deux burgers graisseux, trois pains farineux!&nbsp;\u00bb<br>Heureusement, sa voisine est l\u00e0 pour lui apprendre qu\u2019en cuisine, tout est question de patience et de partage. A travers contes et saveurs, elle va lui montrer que les meilleurs plats se mijotent avec du temps, du temps et du c\u0153ur.<\/p>\n<\/div>\n\n\n\n<div class=\"wp-block-column has-white-color has-black-background-color has-text-color has-background has-link-color wp-elements-f9c283b680840cb4fcbaa56e634e3377 is-layout-flow\" style=\"padding-top:2em;padding-right:2em;padding-bottom:2em;padding-left:2em\">\n<h2 class=\"wp-block-heading has-text-align-center\" id=\"family\" style=\"font-size:40px\">Le menu<\/h2>\n\n\n\n<hr class=\"wp-block-separator has-css-opacity is-style-wide\"\/>\n\n\n\n<div class=\"wp-block-buttons alignfull is-horizontal is-content-justification-center is-layout-flex wp-container-3\"><\/div>\n\n\n<div class=\"wp-block-image is-style-default\">\n<figure class=\"aligncenter size-large is-resized\"><img decoding=\"async\" src=\"https:\/\/mariehebbelynck.com\/wp-content\/uploads\/2023\/07\/02BA9872-C031-4DD6-9864-1D2A2B644FB0-edited.jpeg\" alt=\"\" class=\"wp-image-345\" width=\"295\" srcset=\"https:\/\/mariehebbelynck.com\/wp-content\/uploads\/2023\/07\/02BA9872-C031-4DD6-9864-1D2A2B644FB0-edited.jpeg 1613w, https:\/\/mariehebbelynck.com\/wp-content\/uploads\/2023\/07\/02BA9872-C031-4DD6-9864-1D2A2B644FB0-edited-300x225.jpeg 300w, https:\/\/mariehebbelynck.com\/wp-content\/uploads\/2023\/07\/02BA9872-C031-4DD6-9864-1D2A2B644FB0-edited-1024x768.jpeg 1024w, https:\/\/mariehebbelynck.com\/wp-content\/uploads\/2023\/07\/02BA9872-C031-4DD6-9864-1D2A2B644FB0-edited-768x576.jpeg 768w, https:\/\/mariehebbelynck.com\/wp-content\/uploads\/2023\/07\/02BA9872-C031-4DD6-9864-1D2A2B644FB0-edited-1536x1152.jpeg 1536w\" sizes=\"(max-width: 1613px) 100vw, 1613px\" \/><\/figure><\/div>\n\n\n<p>Installez-vous \u00e0 table et laissez les saveurs des histoires qui mijotent. <\/p>\n\n\n\n<p>Tous les ingr\u00e9dients sont r\u00e9unis pour la d\u00e9gustation: <\/p>\n\n\n\n<p>\ud83c\udf74Une g\u00e9n\u00e9reuse portion d\u2019histoires,<\/p>\n\n\n\n<p>\ud83c\udfb6 une pinc\u00e9e de chansonnette,<\/p>\n\n\n\n<p>\ud83c\udf73 Une batterie de casseroles<\/p>\n\n\n\n<p> \ud83c\udfb5 Et une belle gorg\u00e9e de sons et de musique. <\/p>\n\n\n\n<p class=\"has-white-color has-text-color\">\ud83d\udc69\ud83c\udffb\u200d\ud83c\udf73Aux fourneaux:<br>Solenne Chardon aux contes<br>Marie Hebbelynck \u00e0 la musique (Udu, accord\u00e9on et percussions)<\/p>\n\n\n\n<p>\ud83c\udf7d\ufe0f Bon app\u00e9tit !<\/p>\n\n\n\n<p><a href=\"https:\/\/www.lapiepiaille.com\/\" target=\"_blank\" rel=\"noopener\" title=\"\">En savoir plus sur Solenne Chardon, La pie piaille <\/a><\/p>\n<\/div>\n\n\n\n<div class=\"wp-block-column has-white-color has-vivid-red-background-color has-text-color has-background has-link-color wp-elements-e4f7e04a0c9351dda771dc6c1dbcac38 is-layout-flow\" style=\"padding-top:2em;padding-right:2em;padding-bottom:2em;padding-left:2em\">\n<h2 class=\"wp-block-heading has-text-align-center\" id=\"patron\" style=\"font-size:40px\">Bon app\u00e9tit !<\/h2>\n\n\n\n<hr class=\"wp-block-separator has-css-opacity is-style-wide\"\/>\n\n\n\n<figure class=\"wp-block-image size-full\"><img decoding=\"async\" loading=\"lazy\" width=\"800\" height=\"800\" src=\"http:\/\/mariehebbelynck.com\/wp-content\/uploads\/2023\/07\/E2C8388A-97EC-47BA-AB2D-6C72B88AAD85.jpeg\" alt=\"\" class=\"wp-image-342\" srcset=\"https:\/\/mariehebbelynck.com\/wp-content\/uploads\/2023\/07\/E2C8388A-97EC-47BA-AB2D-6C72B88AAD85.jpeg 800w, https:\/\/mariehebbelynck.com\/wp-content\/uploads\/2023\/07\/E2C8388A-97EC-47BA-AB2D-6C72B88AAD85-300x300.jpeg 300w, https:\/\/mariehebbelynck.com\/wp-content\/uploads\/2023\/07\/E2C8388A-97EC-47BA-AB2D-6C72B88AAD85-150x150.jpeg 150w, https:\/\/mariehebbelynck.com\/wp-content\/uploads\/2023\/07\/E2C8388A-97EC-47BA-AB2D-6C72B88AAD85-768x768.jpeg 768w\" sizes=\"(max-width: 800px) 100vw, 800px\" \/><\/figure>\n\n\n\n<div class=\"wp-block-buttons alignfull is-horizontal is-content-justification-center is-layout-flex wp-container-5\"><\/div>\n\n\n\n<p>\ud83e\udd63 Contes mijot\u00e9s et casseroles percut\u00e9es<\/p>\n\n\n\n<p>\ud83d\udc66\ud83c\udffb Spectacle familial, d\u00e8s 4 ans<\/p>\n\n\n\n<p>\u23f1\ufe0f 45 minutes<\/p>\n\n\n\n<p>Avec Solenne Chardon de <a href=\"https:\/\/www.lapiepiaille.com\/\" title=\"\">La Pie Piaille<\/a><\/p>\n<\/div>\n<\/div>\n\n\n\n<div style=\"height:100px\" aria-hidden=\"true\" class=\"wp-block-spacer\"><\/div>\n\n\n\n<figure class=\"wp-block-gallery has-nested-images columns-default is-cropped wp-block-gallery-8 is-layout-flex\">\n<figure class=\"wp-block-image size-large\"><img decoding=\"async\" loading=\"lazy\" width=\"683\" height=\"1024\" data-id=\"337\"  src=\"https:\/\/mariehebbelynck.com\/wp-content\/uploads\/2023\/07\/C34AAC6E-F517-48E4-87D4-691E490069A8-683x1024.jpeg\" alt=\"\" class=\"wp-image-337\" srcset=\"https:\/\/mariehebbelynck.com\/wp-content\/uploads\/2023\/07\/C34AAC6E-F517-48E4-87D4-691E490069A8-683x1024.jpeg 683w, https:\/\/mariehebbelynck.com\/wp-content\/uploads\/2023\/07\/C34AAC6E-F517-48E4-87D4-691E490069A8-200x300.jpeg 200w, https:\/\/mariehebbelynck.com\/wp-content\/uploads\/2023\/07\/C34AAC6E-F517-48E4-87D4-691E490069A8-768x1151.jpeg 768w, https:\/\/mariehebbelynck.com\/wp-content\/uploads\/2023\/07\/C34AAC6E-F517-48E4-87D4-691E490069A8-1025x1536.jpeg 1025w, https:\/\/mariehebbelynck.com\/wp-content\/uploads\/2023\/07\/C34AAC6E-F517-48E4-87D4-691E490069A8.jpeg 1124w\" sizes=\"(max-width: 683px) 100vw, 683px\" \/><\/figure>\n\n\n\n<figure class=\"wp-block-image size-large\"><img decoding=\"async\" loading=\"lazy\" width=\"640\" height=\"960\" data-id=\"336\"  src=\"https:\/\/mariehebbelynck.com\/wp-content\/uploads\/2023\/07\/84F375C1-DD5A-41BC-A714-16A062C7B061.jpeg\" alt=\"\" class=\"wp-image-336\" srcset=\"https:\/\/mariehebbelynck.com\/wp-content\/uploads\/2023\/07\/84F375C1-DD5A-41BC-A714-16A062C7B061.jpeg 640w, https:\/\/mariehebbelynck.com\/wp-content\/uploads\/2023\/07\/84F375C1-DD5A-41BC-A714-16A062C7B061-200x300.jpeg 200w\" sizes=\"(max-width: 640px) 100vw, 640px\" \/><\/figure>\n\n\n\n<figure class=\"wp-block-image size-large\"><img decoding=\"async\" loading=\"lazy\" width=\"1024\" height=\"683\" data-id=\"338\"  src=\"https:\/\/mariehebbelynck.com\/wp-content\/uploads\/2023\/07\/05F99C9A-F60A-4788-8E90-8A8D4CC543CA-1024x683.jpeg\" alt=\"\" class=\"wp-image-338\" srcset=\"https:\/\/mariehebbelynck.com\/wp-content\/uploads\/2023\/07\/05F99C9A-F60A-4788-8E90-8A8D4CC543CA-1024x683.jpeg 1024w, https:\/\/mariehebbelynck.com\/wp-content\/uploads\/2023\/07\/05F99C9A-F60A-4788-8E90-8A8D4CC543CA-300x200.jpeg 300w, https:\/\/mariehebbelynck.com\/wp-content\/uploads\/2023\/07\/05F99C9A-F60A-4788-8E90-8A8D4CC543CA-768x512.jpeg 768w, https:\/\/mariehebbelynck.com\/wp-content\/uploads\/2023\/07\/05F99C9A-F60A-4788-8E90-8A8D4CC543CA.jpeg 1368w\" sizes=\"(max-width: 1024px) 100vw, 1024px\" \/><\/figure>\n\n\n\n<figure class=\"wp-block-image size-large\"><img decoding=\"async\" loading=\"lazy\" width=\"960\" height=\"640\" data-id=\"339\"  src=\"https:\/\/mariehebbelynck.com\/wp-content\/uploads\/2023\/07\/C22375BF-A885-4C21-AA05-6B4E4965EC99.jpeg\" alt=\"\" class=\"wp-image-339\" srcset=\"https:\/\/mariehebbelynck.com\/wp-content\/uploads\/2023\/07\/C22375BF-A885-4C21-AA05-6B4E4965EC99.jpeg 960w, https:\/\/mariehebbelynck.com\/wp-content\/uploads\/2023\/07\/C22375BF-A885-4C21-AA05-6B4E4965EC99-300x200.jpeg 300w, https:\/\/mariehebbelynck.com\/wp-content\/uploads\/2023\/07\/C22375BF-A885-4C21-AA05-6B4E4965EC99-768x512.jpeg 768w\" sizes=\"(max-width: 960px) 100vw, 960px\" \/><\/figure>\n<\/figure>\n\n\n\n<div style=\"height:100px\" aria-hidden=\"true\" class=\"wp-block-spacer\"><\/div>\n\n\n\n<hr class=\"wp-block-separator has-alpha-channel-opacity is-style-wide\"\/>\n\n\n\n<div style=\"height:100px\" aria-hidden=\"true\" class=\"wp-block-spacer\"><\/div>\n\n\n\n<div class=\"wp-block-media-text alignwide is-stacked-on-mobile\" style=\"grid-template-columns:31% auto\"><figure class=\"wp-block-media-text__media\"><img decoding=\"async\" loading=\"lazy\" width=\"500\" height=\"500\" src=\"https:\/\/mariehebbelynck.com\/wp-content\/uploads\/2023\/07\/C11821F4-1A06-4773-8FB7-217CB4844A1E.png\" alt=\"\" class=\"wp-image-357 size-full\" srcset=\"https:\/\/mariehebbelynck.com\/wp-content\/uploads\/2023\/07\/C11821F4-1A06-4773-8FB7-217CB4844A1E.png 500w, https:\/\/mariehebbelynck.com\/wp-content\/uploads\/2023\/07\/C11821F4-1A06-4773-8FB7-217CB4844A1E-300x300.png 300w, https:\/\/mariehebbelynck.com\/wp-content\/uploads\/2023\/07\/C11821F4-1A06-4773-8FB7-217CB4844A1E-150x150.png 150w\" sizes=\"(max-width: 500px) 100vw, 500px\" \/><\/figure><div class=\"wp-block-media-text__content\">\n<ul>\n<li>Espace sc\u00e9nique: 4x3m<\/li>\n\n\n\n<li>Autonome lumi\u00e8re &amp; son<\/li>\n\n\n\n<li>Obscurit\u00e9 non obligatoire<\/li>\n\n\n\n<li>Temps de montage: 1 heure<\/li>\n\n\n\n<li>Jauge: 80<\/li>\n<\/ul>\n<\/div><\/div>\n\n\n\n<div style=\"height:100px\" aria-hidden=\"true\" class=\"wp-block-spacer\"><\/div>\n\n\n\n<hr class=\"wp-block-separator has-alpha-channel-opacity is-style-wide\"\/>\n\n\n\n<figure class=\"wp-block-gallery has-nested-images columns-default is-cropped wp-block-gallery-10 is-layout-flex\">\n<figure class=\"wp-block-image size-large\"><img decoding=\"async\" loading=\"lazy\" width=\"768\" height=\"1024\" data-id=\"816\"  src=\"https:\/\/mariehebbelynck.com\/wp-content\/uploads\/2023\/09\/IMG_8818-768x1024.jpeg\" alt=\"\" class=\"wp-image-816\" srcset=\"https:\/\/mariehebbelynck.com\/wp-content\/uploads\/2023\/09\/IMG_8818-768x1024.jpeg 768w, https:\/\/mariehebbelynck.com\/wp-content\/uploads\/2023\/09\/IMG_8818-225x300.jpeg 225w, https:\/\/mariehebbelynck.com\/wp-content\/uploads\/2023\/09\/IMG_8818-1152x1536.jpeg 1152w, https:\/\/mariehebbelynck.com\/wp-content\/uploads\/2023\/09\/IMG_8818.jpeg 1536w\" sizes=\"(max-width: 768px) 100vw, 768px\" \/><\/figure>\n\n\n\n<figure class=\"wp-block-image size-large\"><img decoding=\"async\" loading=\"lazy\" width=\"768\" height=\"1024\" data-id=\"815\"  src=\"https:\/\/mariehebbelynck.com\/wp-content\/uploads\/2023\/09\/IMG_8808-768x1024.jpeg\" alt=\"\" class=\"wp-image-815\" srcset=\"https:\/\/mariehebbelynck.com\/wp-content\/uploads\/2023\/09\/IMG_8808-768x1024.jpeg 768w, https:\/\/mariehebbelynck.com\/wp-content\/uploads\/2023\/09\/IMG_8808-225x300.jpeg 225w, https:\/\/mariehebbelynck.com\/wp-content\/uploads\/2023\/09\/IMG_8808-1152x1536.jpeg 1152w, https:\/\/mariehebbelynck.com\/wp-content\/uploads\/2023\/09\/IMG_8808.jpeg 1536w\" sizes=\"(max-width: 768px) 100vw, 768px\" \/><\/figure>\n\n\n\n<figure class=\"wp-block-image size-large\"><img decoding=\"async\" loading=\"lazy\" width=\"576\" height=\"1024\" data-id=\"814\"  src=\"https:\/\/mariehebbelynck.com\/wp-content\/uploads\/2023\/09\/IMG_8807-576x1024.jpeg\" alt=\"\" class=\"wp-image-814\" srcset=\"https:\/\/mariehebbelynck.com\/wp-content\/uploads\/2023\/09\/IMG_8807-576x1024.jpeg 576w, https:\/\/mariehebbelynck.com\/wp-content\/uploads\/2023\/09\/IMG_8807-169x300.jpeg 169w, https:\/\/mariehebbelynck.com\/wp-content\/uploads\/2023\/09\/IMG_8807-768x1365.jpeg 768w, https:\/\/mariehebbelynck.com\/wp-content\/uploads\/2023\/09\/IMG_8807-864x1536.jpeg 864w, https:\/\/mariehebbelynck.com\/wp-content\/uploads\/2023\/09\/IMG_8807.jpeg 1080w\" sizes=\"(max-width: 576px) 100vw, 576px\" \/><\/figure>\n\n\n\n<figure class=\"wp-block-image size-large\"><img decoding=\"async\" loading=\"lazy\" width=\"1024\" height=\"787\" data-id=\"813\"  src=\"https:\/\/mariehebbelynck.com\/wp-content\/uploads\/2023\/09\/IMG_8783-1024x787.jpeg\" alt=\"\" class=\"wp-image-813\" srcset=\"https:\/\/mariehebbelynck.com\/wp-content\/uploads\/2023\/09\/IMG_8783-1024x787.jpeg 1024w, https:\/\/mariehebbelynck.com\/wp-content\/uploads\/2023\/09\/IMG_8783-300x231.jpeg 300w, https:\/\/mariehebbelynck.com\/wp-content\/uploads\/2023\/09\/IMG_8783-768x590.jpeg 768w, https:\/\/mariehebbelynck.com\/wp-content\/uploads\/2023\/09\/IMG_8783-1536x1180.jpeg 1536w, https:\/\/mariehebbelynck.com\/wp-content\/uploads\/2023\/09\/IMG_8783.jpeg 1757w\" sizes=\"(max-width: 1024px) 100vw, 1024px\" \/><\/figure>\n<\/figure>\n","protected":false},"excerpt":{"rendered":"<p>A table ! Lulu ventru est un v\u00e9ritable goulu! Quand il a faim, il lui faut manger tout de suite, et en quantit\u00e9 ! Mais [&hellip;]<\/p>\n","protected":false},"author":1,"featured_media":0,"parent":0,"menu_order":0,"comment_status":"closed","ping_status":"closed","template":"","meta":{"_mi_skip_tracking":false,"_monsterinsights_sitenote_active":false,"_monsterinsights_sitenote_note":"","_monsterinsights_sitenote_category":0},"aioseo_notices":[],"_links":{"self":[{"href":"https:\/\/mariehebbelynck.com\/index.php?rest_route=\/wp\/v2\/pages\/277"}],"collection":[{"href":"https:\/\/mariehebbelynck.com\/index.php?rest_route=\/wp\/v2\/pages"}],"about":[{"href":"https:\/\/mariehebbelynck.com\/index.php?rest_route=\/wp\/v2\/types\/page"}],"author":[{"embeddable":true,"href":"https:\/\/mariehebbelynck.com\/index.php?rest_route=\/wp\/v2\/users\/1"}],"replies":[{"embeddable":true,"href":"https:\/\/mariehebbelynck.com\/index.php?rest_route=%2Fwp%2Fv2%2Fcomments&post=277"}],"version-history":[{"count":24,"href":"https:\/\/mariehebbelynck.com\/index.php?rest_route=\/wp\/v2\/pages\/277\/revisions"}],"predecessor-version":[{"id":1033,"href":"https:\/\/mariehebbelynck.com\/index.php?rest_route=\/wp\/v2\/pages\/277\/revisions\/1033"}],"wp:attachment":[{"href":"https:\/\/mariehebbelynck.com\/index.php?rest_route=%2Fwp%2Fv2%2Fmedia&parent=277"}],"curies":[{"name":"wp","href":"https:\/\/api.w.org\/{rel}","templated":true}]}}