{"id":31,"date":"2023-05-31T14:56:39","date_gmt":"2023-05-31T12:56:39","guid":{"rendered":"https:\/\/mariehebbelynck.com\/?page_id=31"},"modified":"2023-09-21T14:34:44","modified_gmt":"2023-09-21T12:34:44","slug":"biographie","status":"publish","type":"page","link":"https:\/\/mariehebbelynck.com\/?page_id=31","title":{"rendered":"\u00c0 propos"},"content":{"rendered":"\n<div class=\"wp-block-cover alignfull is-light\" style=\"min-height:609px\"><span aria-hidden=\"true\" class=\"wp-block-cover__background has-background-dim-100 has-background-dim\" style=\"background-color:#ffffff\"><\/span><div class=\"wp-block-cover__inner-container\">\n<div class=\"wp-block-media-text alignwide is-stacked-on-mobile is-vertically-aligned-center is-image-fill\" style=\"grid-template-columns:56% auto\"><figure class=\"wp-block-media-text__media\" style=\"background-image:url(http:\/\/mariehebbelynck.com\/wp-content\/uploads\/2023\/05\/AD1096FC-658B-4ACB-89BF-E9DD8DEEE307-1024x683.jpeg);background-position:50% 50%\"><img decoding=\"async\" loading=\"lazy\" width=\"1024\" height=\"683\" src=\"http:\/\/mariehebbelynck.com\/wp-content\/uploads\/2023\/05\/AD1096FC-658B-4ACB-89BF-E9DD8DEEE307-1024x683.jpeg\" alt=\"\" class=\"wp-image-23 size-full\" srcset=\"https:\/\/mariehebbelynck.com\/wp-content\/uploads\/2023\/05\/AD1096FC-658B-4ACB-89BF-E9DD8DEEE307-1024x683.jpeg 1024w, https:\/\/mariehebbelynck.com\/wp-content\/uploads\/2023\/05\/AD1096FC-658B-4ACB-89BF-E9DD8DEEE307-300x200.jpeg 300w, https:\/\/mariehebbelynck.com\/wp-content\/uploads\/2023\/05\/AD1096FC-658B-4ACB-89BF-E9DD8DEEE307-768x512.jpeg 768w, https:\/\/mariehebbelynck.com\/wp-content\/uploads\/2023\/05\/AD1096FC-658B-4ACB-89BF-E9DD8DEEE307-1536x1024.jpeg 1536w, https:\/\/mariehebbelynck.com\/wp-content\/uploads\/2023\/05\/AD1096FC-658B-4ACB-89BF-E9DD8DEEE307-2048x1365.jpeg 2048w, https:\/\/mariehebbelynck.com\/wp-content\/uploads\/2023\/05\/AD1096FC-658B-4ACB-89BF-E9DD8DEEE307-421x281.jpeg 421w\" sizes=\"(max-width: 1024px) 100vw, 1024px\" \/><\/figure><div class=\"wp-block-media-text__content\">\n<h2 class=\"wp-block-heading has-text-color\" style=\"color:#000000;font-size:32px\"><strong>Et tu joues quoi comme instrument?<\/strong><\/h2>\n\n\n\n<p class=\"has-text-color\" style=\"color:#000000;font-size:17px\">Mon instrument depuis toute petite, c\u2019est le piano. J\u2019ai fait un cursus classique au conservatoire en formation musicale et en instrument. Mais quand je suis arriv\u00e9e sur le terrain, avec les enfants, j\u2019avais besoin d\u2019un instrument plus nomade, alors j\u2019ai embarqu\u00e9 une guitare, et puis j\u2019ai d\u00e9m\u00e9nag\u00e9 en Auvergne, alors j\u2019ai embarqu\u00e9 un accord\u00e9on diatonique, et puis ma fille a commenc\u00e9 la fl\u00fbte traversi\u00e8re, alors j\u2019ai embarqu\u00e9 une fl\u00fbte traversi\u00e8re, et puis j\u2019ai ador\u00e9 le son du tongue drum, alors j\u2019ai embarqu\u00e9 un tongue drum\u2026 <\/p>\n\n\n\n<p class=\"has-text-color\" style=\"color:#000000;font-size:17px\">Dans mon univers musical, d\u00e9couvrez la fl\u00fbte native, le tambour chamanisme, la sanza, le tongue drum, l\u2019accord\u00e9on, la guitare, le ukul\u00e9l\u00e9, le tuyau harmonique, et plein d\u2019autres choses !&nbsp;<\/p>\n\n\n\n<div class=\"wp-block-buttons is-layout-flex\"><\/div>\n<\/div><\/div>\n<\/div><\/div>\n\n\n\n<div class=\"wp-block-cover alignfull is-light\" style=\"min-height:536px\"><span aria-hidden=\"true\" class=\"wp-block-cover__background has-background-dim-100 has-background-dim\" style=\"background-color:#ffffff\"><\/span><div class=\"wp-block-cover__inner-container\">\n<div class=\"wp-block-media-text alignwide is-stacked-on-mobile is-vertically-aligned-center is-image-fill\" style=\"grid-template-columns:56% auto\"><figure class=\"wp-block-media-text__media\" style=\"background-image:url(http:\/\/mariehebbelynck.com\/wp-content\/uploads\/2023\/06\/D08C408C-49FC-4819-A693-FE9DF8882EA5.jpeg);background-position:50% 50%\"><img decoding=\"async\" loading=\"lazy\" width=\"720\" height=\"960\" src=\"http:\/\/mariehebbelynck.com\/wp-content\/uploads\/2023\/06\/D08C408C-49FC-4819-A693-FE9DF8882EA5.jpeg\" alt=\"\" class=\"wp-image-260 size-full\" srcset=\"https:\/\/mariehebbelynck.com\/wp-content\/uploads\/2023\/06\/D08C408C-49FC-4819-A693-FE9DF8882EA5.jpeg 720w, https:\/\/mariehebbelynck.com\/wp-content\/uploads\/2023\/06\/D08C408C-49FC-4819-A693-FE9DF8882EA5-225x300.jpeg 225w\" sizes=\"(max-width: 720px) 100vw, 720px\" \/><\/figure><div class=\"wp-block-media-text__content\">\n<h2 class=\"wp-block-heading has-text-color\" style=\"color:#000000;font-size:32px\">Tu es quoi? <strong>Dumiste? <\/strong><\/h2>\n\n\n\n<p class=\"has-text-color\" style=\"color:#000000;font-size:17px\">Parfois, on me dit que je suis \u00ab&nbsp;dumiste&nbsp;\u00bb, mais ce mot ne veut pas dire grand chose et surtout il n\u2019existe pas! Pour de vrai, je suis musicienne intervenante en milieu scolaire, titulaire du D.U.M.I., un dipl\u00f4me universitaire de musicien intervenant. C\u2019est mon m\u00e9tier depuis presque 20 ans. Je m\u00e8ne diff\u00e9rents projets musicaux avec les enfants des \u00e9coles maternelles et primaires, en concertation avec les enseignants. Ces projets peuvent \u00eatre tr\u00e8s vari\u00e9s, allant de la mise en musique d\u2019album jeunesse \u00e0 la cr\u00e9ation de film d\u2019animation, zen passant par le chant chorale ou  l\u2019\u00e9veil musical. J\u2019anime \u00e9galement des ateliers petite enfance au sein de l\u2019\u00e9cole de musique des Sucs (Yssingeaux 43) o\u00f9 les parents viennent partager un moment de musique avec leur bambin d\u00e8s le plus jeune \u00e2ge. Je travaille \u00e9galement avec des danseuses pour des ateliers danse et musique aupr\u00e8s des enfants.<\/p>\n<\/div><\/div>\n<\/div><\/div>\n\n\n\n<div class=\"wp-block-cover alignfull is-light\" style=\"min-height:536px\"><span aria-hidden=\"true\" class=\"wp-block-cover__background has-background-dim-100 has-background-dim\" style=\"background-color:#ffffff\"><\/span><div class=\"wp-block-cover__inner-container\">\n<div class=\"wp-block-media-text alignwide is-stacked-on-mobile is-vertically-aligned-center is-image-fill\" style=\"grid-template-columns:56% auto\"><figure class=\"wp-block-media-text__media\" style=\"background-image:url(http:\/\/mariehebbelynck.com\/wp-content\/uploads\/2023\/05\/A6852165-C464-42CD-89AF-6189D36ECACD-1024x768.jpeg);background-position:50% 50%\"><img decoding=\"async\" loading=\"lazy\" width=\"1024\" height=\"768\" src=\"http:\/\/mariehebbelynck.com\/wp-content\/uploads\/2023\/05\/A6852165-C464-42CD-89AF-6189D36ECACD-1024x768.jpeg\" alt=\"\" class=\"wp-image-175 size-full\" srcset=\"https:\/\/mariehebbelynck.com\/wp-content\/uploads\/2023\/05\/A6852165-C464-42CD-89AF-6189D36ECACD-1024x768.jpeg 1024w, https:\/\/mariehebbelynck.com\/wp-content\/uploads\/2023\/05\/A6852165-C464-42CD-89AF-6189D36ECACD-300x225.jpeg 300w, https:\/\/mariehebbelynck.com\/wp-content\/uploads\/2023\/05\/A6852165-C464-42CD-89AF-6189D36ECACD-768x576.jpeg 768w, https:\/\/mariehebbelynck.com\/wp-content\/uploads\/2023\/05\/A6852165-C464-42CD-89AF-6189D36ECACD-1536x1152.jpeg 1536w, https:\/\/mariehebbelynck.com\/wp-content\/uploads\/2023\/05\/A6852165-C464-42CD-89AF-6189D36ECACD-2048x1536.jpeg 2048w\" sizes=\"(max-width: 1024px) 100vw, 1024px\" \/><\/figure><div class=\"wp-block-media-text__content\">\n<h2 class=\"wp-block-heading has-text-color\" style=\"color:#000000;font-size:32px\"><strong>Et tu interviens seulement \u00e0 l\u2019\u00e9cole? <\/strong><\/h2>\n\n\n\n<p class=\"has-text-color\" style=\"color:#000000;font-size:17px\">Non! Pas seulement. J\u2019interviens \u00e9galement tr\u00e8s r\u00e9guli\u00e8rement aupr\u00e8s des tr\u00e8s jeunes enfants. Par exemple dans les cr\u00e8ches ou les RPE. Mais aussi aupr\u00e8s de public emp\u00each\u00e9, comme \u00e0 l\u2019IME ou dans un centre pour enfants et adolescents polyhandicap\u00e9s.  Depuis 2 ans, je propose \u00e9galement des s\u00e9ances pour les s\u00e9niors, et des rencontres inter-g\u00e9n\u00e9ration autour de la musique. <\/p>\n<\/div><\/div>\n<\/div><\/div>\n\n\n\n<div class=\"wp-block-cover alignfull is-light\" style=\"min-height:353px\"><span aria-hidden=\"true\" class=\"wp-block-cover__background has-background-dim-100 has-background-dim\" style=\"background-color:#ffffff\"><\/span><div class=\"wp-block-cover__inner-container\">\n<div class=\"wp-block-media-text alignwide is-stacked-on-mobile is-vertically-aligned-center is-image-fill\" style=\"grid-template-columns:56% auto\"><figure class=\"wp-block-media-text__media\" style=\"background-image:url(http:\/\/mariehebbelynck.com\/wp-content\/uploads\/2023\/09\/IMG_0581-1024x963.jpeg);background-position:50% 50%\"><img decoding=\"async\" loading=\"lazy\" width=\"1024\" height=\"963\" src=\"http:\/\/mariehebbelynck.com\/wp-content\/uploads\/2023\/09\/IMG_0581-1024x963.jpeg\" alt=\"\" class=\"wp-image-427 size-full\" srcset=\"https:\/\/mariehebbelynck.com\/wp-content\/uploads\/2023\/09\/IMG_0581-1024x963.jpeg 1024w, https:\/\/mariehebbelynck.com\/wp-content\/uploads\/2023\/09\/IMG_0581-300x282.jpeg 300w, https:\/\/mariehebbelynck.com\/wp-content\/uploads\/2023\/09\/IMG_0581-768x722.jpeg 768w, https:\/\/mariehebbelynck.com\/wp-content\/uploads\/2023\/09\/IMG_0581-1536x1445.jpeg 1536w, https:\/\/mariehebbelynck.com\/wp-content\/uploads\/2023\/09\/IMG_0581.jpeg 1617w\" sizes=\"(max-width: 1024px) 100vw, 1024px\" \/><\/figure><div class=\"wp-block-media-text__content\">\n<h2 class=\"wp-block-heading has-text-color\" style=\"color:#000000;font-size:32px\"><strong>Et tu fais aussi des spectacles? <\/strong><\/h2>\n\n\n\n<p class=\"has-text-color\" style=\"color:#000000;font-size:17px\">Parall\u00e8lement \u00e0 mon m\u00e9tier d\u2019intervenante, je propose des spectacles musicaux pour le (tr\u00e8s) jeune public.  Et j\u2019accompagne en musique les conteurs du collectif Konsl\u2019diz.\u200b<\/p>\n\n\n\n<h2 class=\"wp-block-heading has-text-color\" style=\"color:#000000;font-size:32px\"><strong>Tu veux bien nous apprendre? <\/strong><\/h2>\n\n\n\n<p>Oui! Je propose \u00e9galement des formations \u00e0 l\u2019attention des professionnels de la petite-enfance, de l\u2019enfance ou les professionnels dans le domaine socio-culturel. <\/p>\n<\/div><\/div>\n<\/div><\/div>\n\n\n\n<p><\/p>\n","protected":false},"excerpt":{"rendered":"","protected":false},"author":1,"featured_media":0,"parent":0,"menu_order":0,"comment_status":"closed","ping_status":"closed","template":"","meta":{"_mi_skip_tracking":false,"_monsterinsights_sitenote_active":false,"_monsterinsights_sitenote_note":"","_monsterinsights_sitenote_category":0},"aioseo_notices":[],"_links":{"self":[{"href":"https:\/\/mariehebbelynck.com\/index.php?rest_route=\/wp\/v2\/pages\/31"}],"collection":[{"href":"https:\/\/mariehebbelynck.com\/index.php?rest_route=\/wp\/v2\/pages"}],"about":[{"href":"https:\/\/mariehebbelynck.com\/index.php?rest_route=\/wp\/v2\/types\/page"}],"author":[{"embeddable":true,"href":"https:\/\/mariehebbelynck.com\/index.php?rest_route=\/wp\/v2\/users\/1"}],"replies":[{"embeddable":true,"href":"https:\/\/mariehebbelynck.com\/index.php?rest_route=%2Fwp%2Fv2%2Fcomments&post=31"}],"version-history":[{"count":10,"href":"https:\/\/mariehebbelynck.com\/index.php?rest_route=\/wp\/v2\/pages\/31\/revisions"}],"predecessor-version":[{"id":479,"href":"https:\/\/mariehebbelynck.com\/index.php?rest_route=\/wp\/v2\/pages\/31\/revisions\/479"}],"wp:attachment":[{"href":"https:\/\/mariehebbelynck.com\/index.php?rest_route=%2Fwp%2Fv2%2Fmedia&parent=31"}],"curies":[{"name":"wp","href":"https:\/\/api.w.org\/{rel}","templated":true}]}}